
Let n(d) = -2*d + 12. Let z be n(6). Suppose z = -4*b - 20. What are the prime factors of 17 - ((b - -2) + 3)?
17
Suppose -65 = -6*a - 173. List the prime factors of ((-117)/27)/(1/a).
2, 3, 13
Suppose -f = 3*d + 68, 3*f - 4*d - 134 = 5*f. Let g = 67 + f. List the prime factors of g.
2
Suppose -24*u + 20*u + 5021 = 3*w, 5*w + 6250 = 5*u. List the prime factors of u.
7, 179
Let c = 53 + 868. What are the prime factors of c?
3, 307
Suppose 4*k + 3 = 4*w + 31, -3*k + 31 = -5*w. Let h = 95 - 23. Suppose -l + h = k*l. List the prime factors of l.
2, 3
Suppose -s - 20625 = -16*s. List the prime factors of s.
5, 11
Suppose 940 = 4*l + 5*p, 4*l - 507 = 2*p + 405. Let m = l + -86. List the prime factors of m.
2, 3
Suppose -2*f - 4*l + 12 = 0, 3*f = 4*f + 4*l - 6. Suppose -4*o - 4*i - 8 = o, -o + 3*i + f = 0. Suppose 0 = 4*g - o - 80. What are the prime factors of g?
2, 5
Let u be (2/(-3))/(((-30)/54)/5). List the prime factors of (-2)/(-8) - (-303)/24*u.
2, 19
Suppose 8*m + 4856 = 4*s + 4*m, -4*s + 3*m + 4855 = 0. What are the prime factors of s?
1213
Let m be 32/5*(-6 - -16). Suppose -5*c + m = -4*c. What are the prime factors of c?
2
Suppose 1 - 15 = 2*h. Let u = h - -11. Let s(x) = x**3 - 2*x**2 - 5*x + 6. What are the prime factors of s(u)?
2, 3
Let w(u) = u. Let p(x) = -4*x - 36. Let c(f) = -p(f) - 5*w(f). Let b be c(0). Suppose 0 = g + 2*g - b. What are the prime factors of g?
2, 3
Let c(m) = 2*m**2 + 12*m - 12. Let y be c(-7). Let u = y - -16. What are the prime factors of u?
2, 3
List the prime factors of (-777 - 12)*22/(-6).
11, 263
Let j(m) = -m**2 - 6*m + 29. Let z be j(-9). Suppose z*k - 4 = 4. What are the prime factors of k?
2
Let d be -3*21/(-9) - 2. Suppose z - 16 = 87. Suppose -2*s + 3*h + z = 0, d*h = -0*s + 3*s - 157. List the prime factors of s.
2, 11
Suppose 0 = -t - i + 1, -3*t - 2*i + 10 = t. Suppose t*v - 10*v = -78. What are the prime factors of v?
13
Let q = 33 - 19. Suppose -10*f = -q*f + 68. What are the prime factors of f?
17
Suppose -6 + 12 = 2*t. Let u be -6*(4 - t)/(-3). Suppose u*j - 19 - 27 = 0. What are the prime factors of j?
23
Suppose -2*p = -10, 0 = -3*b + 2*p + p - 15. Suppose 2*m - 5*m - 2*k - 12 = 0, 0 = 4*k. What are the prime factors of 7 + b*2/m?
7
Let y(n) = 2*n - 6. Let b be y(-5). Let k = b - 11. Let z = k + 38. List the prime factors of z.
11
Let b(a) = -2*a**2 + 14*a + 22. Let x(o) = o**2 - 9*o - 15. Let p(k) = -5*b(k) - 7*x(k). List the prime factors of p(6).
61
Let s be (-6)/(-4) + (-10)/(-4). Suppose -f - 2*f + 6 = 0. Suppose 0 = 5*r - f*r - s*t - 74, -r = 2*t - 38. What are the prime factors of r?
2, 3, 5
Suppose 5934 - 798 = 16*r. What are the prime factors of r?
3, 107
Let x = -73 - -63. What are the prime factors of (-15)/25 + (1 - 1306/x)?
131
Let i(h) = h**3 + 3*h**2 - 3*h + 1. Let a be i(-4). List the prime factors of (((-186)/a)/(-1))/(3/(-6)).
2, 31
Suppose 0 = -4*l + 7*r - 5*r + 144, -l - r = -42. List the prime factors of l.
2, 19
Suppose 32 = 8*d + 8. List the prime factors of 93*(1/d - -1).
2, 31
Suppose -4*o = 4*n + 40, 0 = 5*o - 4*n - 14 + 82. Let s be (-3)/(-2)*o/18. What are the prime factors of (s - -2) + -3 - -36?
2, 17
Suppose 4*f - 8542 = -2*l, f - 10*l - 2132 = -14*l. List the prime factors of f.
2, 3, 89
Let m be 257/((-1 - -3)/2). Let t = m + -173. Suppose 3*i + c = t, -80 = -4*i + 2*c + 42. List the prime factors of i.
29
Suppose 0 = 8*o - 11*o + 525. Let a = o - 122. List the prime factors of a.
53
Let w be -1*(-12 + 1) + 1. Suppose 3*b - 2*r = 10, 7*r = 4*r + w. Let h = 18 - b. What are the prime factors of h?
2, 3
Let k(w) be the second derivative of w**5/20 - w**4/12 + w**3/2 - w**2 - 6*w. Let a(r) be the first derivative of k(r). List the prime factors of a(3).
2, 3
Let d be 6 - (6 + 0) - (-10 - 0). Suppose -5*j = -d*j + 655. What are the prime factors of j?
131
Let z be (-4 - -5)*(3 - 0). List the prime factors of (z + (-3)/(-2))*116/6.
3, 29
What are the prime factors of (824/(-24))/(2/(-12))?
2, 103
Let r(n) be the third derivative of 11*n**4/24 - 3*n**3 - 7*n**2. List the prime factors of r(6).
2, 3
Suppose p - 4*p - 42 = -2*o, 0 = -5*p - 4*o - 70. Let m = -17 - p. List the prime factors of m + (39 - 3) + 1.
2, 17
Let j(m) = 44*m**2 - 8*m + 16. What are the prime factors of j(3)?
2, 97
Let s(u) = -6*u**3 - 12*u**2 + 5*u + 17. Let y(m) = 5*m**3 + 12*m**2 - 5*m - 16. Let p(x) = 6*s(x) + 7*y(x). List the prime factors of p(11).
2, 7
Suppose 2*h + 5*q + 25 = 0, 2*h = q - 16 - 3. What are the prime factors of (-610)/3*(2 - (-35)/h)?
5, 61
Let g = -153 + 153. Let r(u) = -u + 9. Let i(q) = 1. Let b(n) = -4*i(n) + r(n). What are the prime factors of b(g)?
5
Let u(b) = -b**3 - 38*b**2 + 28*b + 76. List the prime factors of u(-39).
5, 101
Suppose 0 = 2*d - 1406 - 2456. What are the prime factors of d?
1931
Let r(k) = 57*k**3 - 4*k**2 + 23*k + 3. List the prime factors of r(3).
3, 5, 7
Suppose -2*a = -3*r + 4, 4*a = 10*r - 6*r - 4. Suppose -2*f - r - 8 = 0, -5*f - 337 = -4*y. List the prime factors of y.
2, 3, 13
Let y = -1162 + 2115. List the prime factors of y.
953
Suppose -16 = -2*s - 2*s - 4*q, -5*s + 14 = -q. Suppose j - 2 = s. Let r(i) = i**3 - 3*i**2 - 4*i - 1. List the prime factors of r(j).
29
Let j be 147/14 + (1 - (-6)/(-4)). List the prime factors of 9 - j/(-15)*-3.
7
Suppose -2*l - 14 = -x, -x + 33 - 9 = 3*l. Suppose 21*b - 114 = x*b. List the prime factors of b.
2, 19
Suppose 12 = -5*k + k, 5*k = -3*d + 3402. List the prime factors of d.
17, 67
Let f be (-114)/(-27) - (2 - 80/45). Suppose f*t - 299 = -2*w + 131, -4*t - 4*w + 432 = 0. List the prime factors of t.
107
Suppose -4*q = -u + 600, 892 = 3*u + 2*q - 936. What are the prime factors of u?
2, 19
Let h(j) = j**3 + 18*j**2 - 3*j + 3. What are the prime factors of h(-17)?
7
Suppose 477 = 11*u - 2*u. What are the prime factors of u?
53
Let g(i) = 4*i**2 - 232*i - 99. List the prime factors of g(70).
3, 1087
Let u(q) = 9*q**2 - 5*q + 39. List the prime factors of u(12).
3, 5, 17
Suppose -1621 = -6*o + 311. What are the prime factors of o?
2, 7, 23
Let j(s) = s**2 - 8*s + 3. Let x be j(8). Suppose 4*p = 5*u + 11, -2*u - x*u + 13 = 2*p. Suppose -m + 200 = p*m. List the prime factors of m.
2, 5
Let z be 1/(3*1/27). Let c be (-3)/(-6) - z/(-2). Let b = c + -2. What are the prime factors of b?
3
Let o = -235 + 350. Suppose -4*k - t - 83 - 133 = 0, 0 = -3*t. Let b = k + o. What are the prime factors of b?
61
Let q(l) = -2*l - 15. Let m be q(-14). Let f(a) = a - 8. Let o be f(m). Suppose -208 = -o*x + 152. What are the prime factors of x?
2, 3
Suppose 3*j = 4*j - 21. Suppose 0*g + 12 = 4*g, 0 = 5*a + g - 4323. List the prime factors of 4/(-28) + a/j.
41
Let p(u) = -u**2 + 10*u + 2. Let n be p(10). Let x be -2 - (n + -3 + 2). What are the prime factors of 2/(x*(-4)/216)?
2, 3
Let y(q) = -7*q - 25. Let w be y(-5). Let z(l) = l**2 + 5*l - 17. What are the prime factors of z(w)?
7, 19
Let v be -2 + (1 - 2) + 0. Let a be 6/v*(4 + -5). Suppose u - a = 3, 2*u + 82 = 4*h. List the prime factors of h.
23
Let f(c) = 2*c**2 + 31*c - 137. List the prime factors of f(23).
2, 19, 43
Suppose w - 277 = t - 70, 0 = 2*w + 6. Let d be 4/30 - (-238)/t. List the prime factors of (28 - 3) + (1 - d).
3
Let u = 24 - 17. Suppose 0 = -12*x + u*x + 75. List the prime factors of x.
3, 5
Let r(y) = 2*y**2 + y + 1. Let j = -15 + 13. Let u be r(j). List the prime factors of (-820)/(-35) - 3/u.
23
Let h be (6 - (-11 - 2))*(7 + 0). Suppose 5*n - 4*n - h = 0. List the prime factors of n.
7, 19
Let p(z) = -57*z**3 - z**2 - z. Suppose 2*m - 6*m = 4. Let n be p(m). Let a = n - 29. What are the prime factors of a?
2, 7
Let u(j) = -939*j**3 + 5*j + 5. List the prime factors of u(-1).
3, 313
Suppose -p + 510 = -2*f, 3*f + 2152 = 5*p - 377. What are the prime factors of p?
2, 3, 7
Suppose 20*t + 3*x - 67 = 16*t, 0 = -4*x + 4. List the prime factors of t.
2
Suppose -4*n = 2*u - 0*u - 1604, -2*u - 1189 = -3*n. What are the prime factors of n?
3, 7, 19
Let s = 578 - 323. What are the prime factors of s?
3, 5, 17
Let y be (-236)/(-20) - 2/(-10). Let v be y/(-8) + 1/(-2). List the prime factors of (v - 39/6)*-4.
2, 17
List the prime factors of 1/(-2) + (-36)/(-8) - -387.
17, 23
Let n(o) = -o**2 + 5*o + 3. Let c be n(-18). Let m = c - -586. List the prime fact